1200021222 - -10200101?
1210222100
In base 11, what is 562 + -a90691?
-a9012a
In base 7, what is -15552355 + -53?
-15552441
In base 7, what is -566323 + 1036?
-565254
In base 4, what is 113230212 + 2003?
113232221
In base 5, what is -222122 + -2223?
-224400
In base 9, what is 1 + -35330200?
-35330188
In base 15, what is -b85 + -1223?
-1da8
In base 13, what is -2124 - -7a55?
5931
In base 4, what is -111110011 + -231?
-111110302
In base 8, what is 0 + 5066514?
5066514
In base 2, what is -10 - -101101101100100110000000?
101101101100100101111110
In base 7, what is -3 - -24240645?
24240642
In base 4, what is -301021132 + -111330?
-301133122
In base 6, what is -22541 - -10334010?
10311025
In base 11, what is 14655 - 24?
14631
In base 14, what is 119 + 8d0357?
8d0472
In base 9, what is -3 - 21584730?
-21584733
In base 9, what is -1841674 + -47?
-1841732
In base 8, what is 3562 - 14714?
-11132
In base 7, what is 0 + 40136545?
40136545
In base 16, what is 84 - 16c?
-e8
In base 5, what is -2 + -23011430424?
-23011430431
In base 6, what is -230115 - 450413?
-1120532
In base 12, what is -55b585 + 1?
-55b584
In base 13, what is -5 - 37a74c2c?
-37a74c34
In base 7, what is 14 - -3610201224?
3610201241
In base 14, what is -473d8 - 1cc0?
-492b8
In base 6, what is -331210242 + -4?
-331210250
In base 12, what is 14 - -817a0?
817b4
In base 11, what is 9820 - -50?
9870
In base 14, what is 229 - 18c8?
-169d
In base 10, what is -39 + -494511?
-494550
In base 3, what is -22010 - 220121?
-1012201
In base 4, what is -301 - 121030333103?
-121031000010
In base 14, what is -2 + -2335d3a?
-2335d3c
In base 10, what is 728342768 + 4?
728342772
In base 8, what is 550473332 - -1?
550473333
In base 3, what is 0 + -11202010022222?
-11202010022222
In base 9, what is -13584167 - 3?
-13584171
In base 10, what is -19 + 39477361?
39477342
In base 2, what is 10001111001101110110001000 - -1010?
10001111001101110110010010
In base 7, what is -612 - 23636?
-24551
In base 16, what is -836 - 39c2?
-41f8
In base 10, what is 30 + 88741?
88771
In base 16, what is -4d + 48aa?
485d
In base 11, what is -23 + 1656a9?
165686
In base 8, what is 41334060 - 1?
41334057
In base 6, what is 23 + -5445324?
-5445301
In base 4, what is 202230 + -3030321?
-2222031
In base 10, what is 54 + -9389?
-9335
In base 12, what is 113 - -9825?
9938
In base 7, what is -1223 - 110124?
-111350
In base 5, what is 1301 + 2114023?
2120324
In base 14, what is 2 + -1a288c?
-1a288a
In base 6, what is -201332020 + -23?
-201332043
In base 16, what is -e1 + -38b29?
-38c0a
In base 6, what is 114435155 - 23?
114435132
In base 2, what is -1010010 - -10010010100010011?
10010010011000001
In base 11, what is -2a4105 - -29?
-2a4087
In base 6, what is -3 - 24231235040?
-24231235043
In base 11, what is -155a29 - -50?
-155989
In base 3, what is 1011210001200111 + 11?
1011210001200122
In base 11, what is -12741a + 33?
-127397
In base 5, what is 12133230 - 3314?
12124411
In base 7, what is 1625 - -23206?
25134
In base 16, what is 4ae + b5d7?
ba85
In base 16, what is 2f1c246 - 4?
2f1c242
In base 11, what is -23449a + 6?
-234494
In base 13, what is -1666 - -1b133?
1979a
In base 10, what is -25530277 + -5?
-25530282
In base 6, what is -13 + 5314123?
5314110
In base 9, what is -10540 - 2545?
-13185
In base 14, what is d9119d23 + 1?
d9119d24
In base 13, what is 195b77 - -3?
195b7a
In base 13, what is 1caa3 + 56?
1cb29
In base 7, what is 33054110 + 5?
33054115
In base 14, what is 38d + -7a90?
-7701
In base 16, what is d4b + -569?
7e2
In base 14, what is c592 - b8?
c4b8
In base 2, what is -111101111100 + 1011101100?
-110010010000
In base 8, what is 3544617 + -3?
3544614
In base 6, what is -5 + -111033333?
-111033342
In base 8, what is -1472577 + 362?
-1472215
In base 11, what is 1a2 + -2a8113?
-2a7a21
In base 13, what is -553 + c52?
6cc
In base 8, what is 12 - 12606272?
-12606260
In base 2, what is -110111 - -10000100000111011?
10000100000000100
In base 3, what is 100 + -1200121202121?
-1200121202021
In base 13, what is 467 + 1606?
1a70
In base 13, what is 1b - 1539ba?
-15399c
In base 2, what is 1011001000010110 + 111111?
1011001001010101
In base 7, what is -3043 + 3120?
44
In base 3, what is -100 + -20000011102122?
-20000011102222
In base 12, what is -62 + 51532?
51490
In base 7, what is -10226 + 2125?
-5101
In base 2, what is -1001101111110001110 + -110110?
-1001101111111000100
In base 15, what is 91946c + -c?
919460
In base 10, what is -2950853 + 0?
-2950853
In base 4, what is -3 - 30333102220?
-30333102223
In base 5, what is 1 + -2104042333?
-2104042332
In base 9, what is 148805088 - 0?
148805088
In base 6, what is -3 - -2402353205?
2402353202
In base 15, what is c475c + -7?
c4755
In base 13, what is c2b687 - 2?
c2b685
In base 11, what is 128 - 24866?
-24739
In base 14, what is 125d + -8a?
11b3
In base 11, what is -51565 + 390?
-51185
In base 7, what is -2305236132 - 1?
-2305236133
In base 12, what is 1911034 + 0?
1911034
In base 2, what is 1010000010110011010011001010 + 10?
1010000010110011010011001100
In base 4, what is 2 + 12233012321212?
12233012321220
In base 10, what is 3 + 42714020?
42714023
In base 2, what is -111101011100100010 + -11011?
-111101011100111101
In base 10, what is 5 + -75002209?
-75002204
In base 10, what is -435786 - -15?
-435771
In base 16, what is 26b4 + -125?
258f
In base 11, what is -3217252 - -2?
-3217250
In base 8, what is -17221651 + -16?
-17221667
In base 11, what is -117a5a0 - 3?
-117a5a3
In base 3, what is -2 + 10010212202222021?
10010212202222012
In base 2, what is 0 - -100111110010011010010?
100111110010011010010
In base 15, what is -16591 - dbd?
-1745e
In base 11, what is -2 - 263012a?
-2630131
In base 6, what is -132443 - 3420?
-140303
In base 10, what is 1313002 - 25?
1312977
In base 2, what is 0 + 10101001011010111111100110?
10101001011010111111100110
In base 9, what is 10216686 - -2?
10216688
In base 4, what is 3011033 - 20030?
2331003
In base 8, what is 15475 - -775?
16472
In base 6, what is 0 - 4353552?
-4353552
In base 2, what is -110100011100110010 - -111111010110?
-110011011101011100
In base 13, what is 798c2a9 + -5?
798c2a4
In base 14, what is -c6c49 - 59?
-c6ca4
In base 14, what is -46034c2 - -6?
-46034ba
In base 5, what is 233 + 140032?
140320
In base 13, what is 2052a - a1a?
1c810
In base 3, what is -200 + 111012201222?
111012201022
In base 10, what is 43700 - 591?
43109
In base 10, what is 0 + 2081462?
2081462
In base 11, what is 6aa93 - -546?
70529
In base 15, what is -6 + 3035d44?
3035d3d
In base 3, what is -1002 + 20200002010?
20200001001
In base 6, what is 222104132 + 20?
222104152
In base 2, what is -1101110000111001110101001100 - -100?
-1101110000111001110101001000
In base 11, what is -121 + -148512?
-148633
In base 5, what is 4112 + 2002313?
2011430
In base 14, what is -268 - -71d8?
6d70
In base 8, what is 177 - 133071?
-132672
In base 5, what is -411 - -21103320?
21102404
In base 5, what is 1211244433134 + -2?
1211244433132
In base 15, what is -1 + -2b3395c?
-2b3395d
In base 6, what is 312054414 + 22?
312054440
In base 11, what is 378 - -31a50?
32318
In base 15, what is -4 - -89538c?
895388
In base 12, what is -4 - -97b329?
97b325
In base 15, what is -cd536b - 2?
-cd536d
In base 12, what is 2 - -1b03885b?
1b038861
In base 8, what is 1 + -1127147025?
-1127147024
In base 14, what is -1cdca + -1a?
-1d006
In base 2, what is 1101001000011110101100101111 + 101?
1101001000011110101100110100
In base 6, what is -21 - 211011314?
-211011335
In base 14, what is 5 - 6c6a1a6?
-6c6a1a1
In base 13, what is -2b5a35a7 - -5?
-2b5a35a2
In base 6, what is -1443043 - 2233?
-1445320
In base 5, what is 1242 + -143243301?
-143242004
In base 14, what is 3a4b + 47?
3a94
In base 6, what is 2511021 - 234?
2510343
In base 13, what is -141 + 47b476?
47b335
In base 2, what is -11101111010000001001 - 10?
-11101111010000001011
In base 14, what is 37 + 1bcb57a?
1bcb5b3
In base 11, what is -483 - 922?
-12a5
In base 10, what is 112 + -3258865?
-3258753
In base 14, what is 354a08 - -23?
354a2b
In base 7, what is 5453 - -3452?
12235
In base 4, what is 1032023 + 302012?
2000101
In base 15, what is 84 + -4bc6?
-4b42
In base 16, what is -d + -d9b1?
-d9be
In base 16, what is 1 + -f9b88d?
-f9b88c
In base 12, what is 10a192 + 